{"id":7813,"date":"2024-09-12T15:50:39","date_gmt":"2024-09-12T13:50:39","guid":{"rendered":"https:\/\/biblio.enp.edu.dz\/?page_id=7813"},"modified":"2024-09-12T15:50:55","modified_gmt":"2024-09-12T13:50:55","slug":"services-offerts","status":"publish","type":"page","link":"https:\/\/biblio.enp.edu.dz\/index.php\/services-offerts\/","title":{"rendered":"SERVICES OFFERTS"},"content":{"rendered":"\t\t<div data-elementor-type=\"wp-page\" data-elementor-id=\"7813\" class=\"elementor elementor-7813\">\n\t\t\t\t\t\t\t\t\t<section class=\"elementor-section elementor-top-section elementor-element elementor-element-65f1c8a2 elementor-section-content-middle elementor-section-full_width elementor-section-height-default elementor-section-height-default\" data-id=\"65f1c8a2\" data-element_type=\"section\" data-settings=\"{&quot;background_background&quot;:&quot;classic&quot;}\">\n\t\t\t\t\t\t\t<div class=\"elementor-background-overlay\"><\/div>\n\t\t\t\t\t\t\t<div class=\"elementor-container elementor-column-gap-wide\">\n\t\t\t\t\t<div class=\"elementor-column elementor-col-100 elementor-top-column elementor-element elementor-element-3f48faf\" data-id=\"3f48faf\" data-element_type=\"column\">\n\t\t\t<div class=\"elementor-widget-wrap elementor-element-populated\">\n\t\t\t\t\t\t\t\t<div class=\"elementor-element elementor-element-504cb9e4 elementor-widget elementor-widget-heading\" data-id=\"504cb9e4\" data-element_type=\"widget\" data-widget_type=\"heading.default\">\n\t\t\t\t<div class=\"elementor-widget-container\">\n\t\t\t<h1 class=\"elementor-heading-title elementor-size-default\">SERVICES OFFERTS<\/h1>\t\t<\/div>\n\t\t\t\t<\/div>\n\t\t\t\t\t<\/div>\n\t\t<\/div>\n\t\t\t\t\t\t\t<\/div>\n\t\t<\/section>\n\t\t\t\t<section class=\"elementor-section elementor-top-section elementor-element elementor-element-632da9a9 elementor-section-height-min-height elementor-section-full_width elementor-section-height-default elementor-section-items-middle\" data-id=\"632da9a9\" data-element_type=\"section\" data-settings=\"{&quot;background_background&quot;:&quot;classic&quot;}\">\n\t\t\t\t\t\t<div class=\"elementor-container elementor-column-gap-default\">\n\t\t\t\t\t<div class=\"elementor-column elementor-col-100 elementor-top-column elementor-element elementor-element-2c5d5c6e\" data-id=\"2c5d5c6e\" data-element_type=\"column\">\n\t\t\t<div class=\"elementor-widget-wrap elementor-element-populated\">\n\t\t\t\t\t\t\t\t<section class=\"elementor-section elementor-inner-section elementor-element elementor-element-129d9944 elementor-section-boxed elementor-section-height-default elementor-section-height-default\" data-id=\"129d9944\" data-element_type=\"section\">\n\t\t\t\t\t\t<div class=\"elementor-container elementor-column-gap-default\">\n\t\t\t\t\t<div class=\"elementor-column elementor-col-33 elementor-inner-column elementor-element elementor-element-42c5c763\" data-id=\"42c5c763\" data-element_type=\"column\">\n\t\t\t<div class=\"elementor-widget-wrap\">\n\t\t\t\t\t\t\t\t\t<\/div>\n\t\t<\/div>\n\t\t\t\t<div class=\"elementor-column elementor-col-33 elementor-inner-column elementor-element elementor-element-470a990f\" data-id=\"470a990f\" data-element_type=\"column\">\n\t\t\t<div class=\"elementor-widget-wrap\">\n\t\t\t\t\t\t\t\t\t<\/div>\n\t\t<\/div>\n\t\t\t\t<div class=\"elementor-column elementor-col-33 elementor-inner-column elementor-element elementor-element-46783a93\" data-id=\"46783a93\" data-element_type=\"column\">\n\t\t\t<div class=\"elementor-widget-wrap\">\n\t\t\t\t\t\t\t\t\t<\/div>\n\t\t<\/div>\n\t\t\t\t\t\t\t<\/div>\n\t\t<\/section>\n\t\t\t\t<section class=\"elementor-section elementor-inner-section elementor-element elementor-element-582729c6 elementor-section-height-min-height animated-slow elementor-section-boxed elementor-section-height-default elementor-invisible\" data-id=\"582729c6\" data-element_type=\"section\" data-settings=\"{&quot;animation&quot;:&quot;fadeIn&quot;}\">\n\t\t\t\t\t\t<div class=\"elementor-container elementor-column-gap-no\">\n\t\t\t\t\t<div class=\"elementor-column elementor-col-33 elementor-inner-column elementor-element elementor-element-709c3774\" data-id=\"709c3774\" data-element_type=\"column\">\n\t\t\t<div class=\"elementor-widget-wrap elementor-element-populated\">\n\t\t\t\t\t\t\t\t<div class=\"elementor-element elementor-element-32b449f2 envato-kit-140-imagebox-nospace elementor-position-top elementor-widget elementor-widget-image-box\" data-id=\"32b449f2\" data-element_type=\"widget\" data-widget_type=\"image-box.default\">\n\t\t\t\t<div class=\"elementor-widget-container\">\n\t\t\t<div class=\"elementor-image-box-wrapper\"><figure class=\"elementor-image-box-img\"><a href=\"https:\/\/biblio.enp.edu.dz\/index.php\/inscription-et-reinscription\/\" target=\"_blank\" tabindex=\"-1\"><img decoding=\"async\" src=\"https:\/\/biblio.enp.edu.dz\/wp-content\/uploads\/2020\/12\/Inscription-et-reinscription-70x70.jpg\" title=\"Inscription et r\u00e9inscription\" alt=\"Inscription et r\u00e9inscription\" class=\"elementor-animation-bob\" loading=\"lazy\" \/><\/a><\/figure><div class=\"elementor-image-box-content\"><h6 class=\"elementor-image-box-title\"><a href=\"https:\/\/biblio.enp.edu.dz\/index.php\/inscription-et-reinscription\/\" target=\"_blank\">Inscription et r\u00e9inscription <\/a><\/h6><\/div><\/div>\t\t<\/div>\n\t\t\t\t<\/div>\n\t\t\t\t<div class=\"elementor-element elementor-element-390932cd elementor-widget elementor-widget-text-editor\" data-id=\"390932cd\" data-element_type=\"widget\" data-widget_type=\"text-editor.default\">\n\t\t\t\t<div class=\"elementor-widget-container\">\n\t\t\t\t\t\t\t\t\t\t\t\t\t<\/div>\n\t\t\t\t<\/div>\n\t\t\t\t<div class=\"elementor-element elementor-element-38c580b4 envato-kit-140-imagebox-nospace elementor-position-top elementor-widget elementor-widget-image-box\" data-id=\"38c580b4\" data-element_type=\"widget\" data-widget_type=\"image-box.default\">\n\t\t\t\t<div class=\"elementor-widget-container\">\n\t\t\t<div class=\"elementor-image-box-wrapper\"><figure class=\"elementor-image-box-img\"><a href=\"https:\/\/biblio.enp.edu.dz\/index.php\/fr\/compte-lecteur-2\/\" target=\"_blank\" tabindex=\"-1\"><img decoding=\"async\" src=\"https:\/\/biblio.enp.edu.dz\/wp-content\/uploads\/2020\/12\/Compte-lecteur-70x70.jpg\" title=\"Compte lecteur\" alt=\"Compte lecteur\" class=\"elementor-animation-bob\" loading=\"lazy\" \/><\/a><\/figure><div class=\"elementor-image-box-content\"><h6 class=\"elementor-image-box-title\"><a href=\"https:\/\/biblio.enp.edu.dz\/index.php\/fr\/compte-lecteur-2\/\" target=\"_blank\">Compte lecteur <\/a><\/h6><\/div><\/div>\t\t<\/div>\n\t\t\t\t<\/div>\n\t\t\t\t<div class=\"elementor-element elementor-element-17233e2e envato-kit-140-imagebox-nospace elementor-position-top elementor-widget elementor-widget-image-box\" data-id=\"17233e2e\" data-element_type=\"widget\" data-widget_type=\"image-box.default\">\n\t\t\t\t<div class=\"elementor-widget-container\">\n\t\t\t<div class=\"elementor-image-box-wrapper\"><figure class=\"elementor-image-box-img\"><a href=\"https:\/\/biblio.enp.edu.dz\/index.php\/fr\/pret-de-documents-3\/\" target=\"_blank\" tabindex=\"-1\"><img decoding=\"async\" src=\"https:\/\/biblio.enp.edu.dz\/wp-content\/uploads\/2020\/12\/Pret-de-documents-1-70x70.png\" title=\"Pr\u00eat de documents\" alt=\"Pr\u00eat de documents\" class=\"elementor-animation-bob\" loading=\"lazy\" \/><\/a><\/figure><div class=\"elementor-image-box-content\"><h6 class=\"elementor-image-box-title\"><a href=\"https:\/\/biblio.enp.edu.dz\/index.php\/fr\/pret-de-documents-3\/\" target=\"_blank\">Pr\u00eat de documents<\/a><\/h6><\/div><\/div>\t\t<\/div>\n\t\t\t\t<\/div>\n\t\t\t\t<div class=\"elementor-element elementor-element-132ca204 elementor-widget elementor-widget-text-editor\" data-id=\"132ca204\" data-element_type=\"widget\" data-widget_type=\"text-editor.default\">\n\t\t\t\t<div class=\"elementor-widget-container\">\n\t\t\t\t\t\t\t<p>\u00a0 \u00a0 \u00a0 \u00a0 \u00a0 \u00a0 \u00a0 \u00a0 \u00a0 \u00a0 \u00a0 \u00a0 \u00a0\u00a0<\/p>\t\t\t\t\t\t<\/div>\n\t\t\t\t<\/div>\n\t\t\t\t\t<\/div>\n\t\t<\/div>\n\t\t\t\t<div class=\"elementor-column elementor-col-33 elementor-inner-column elementor-element elementor-element-3f327290\" data-id=\"3f327290\" data-element_type=\"column\">\n\t\t\t<div class=\"elementor-widget-wrap elementor-element-populated\">\n\t\t\t\t\t\t\t\t<div class=\"elementor-element elementor-element-536a2c7d envato-kit-140-imagebox-nospace elementor-position-top elementor-widget elementor-widget-image-box\" data-id=\"536a2c7d\" data-element_type=\"widget\" data-widget_type=\"image-box.default\">\n\t\t\t\t<div class=\"elementor-widget-container\">\n\t\t\t<div class=\"elementor-image-box-wrapper\"><figure class=\"elementor-image-box-img\"><a href=\"https:\/\/biblio.enp.edu.dz\/index.php\/fr\/acces-aux-ressources-electroniques-2\/\" target=\"_blank\" tabindex=\"-1\"><img decoding=\"async\" src=\"https:\/\/biblio.enp.edu.dz\/wp-content\/uploads\/2020\/12\/Acces-aux-ressources-electroniques-70x70.jpg\" title=\"Acc\u00e8s aux ressources \u00e9lectroniques\" alt=\"Acc\u00e8s aux ressources \u00e9lectroniques\" class=\"elementor-animation-bob\" loading=\"lazy\" \/><\/a><\/figure><div class=\"elementor-image-box-content\"><h6 class=\"elementor-image-box-title\"><a href=\"https:\/\/biblio.enp.edu.dz\/index.php\/fr\/acces-aux-ressources-electroniques-2\/\" target=\"_blank\">Acc\u00e8s aux ressources \u00e9lectroniques <\/a><\/h6><\/div><\/div>\t\t<\/div>\n\t\t\t\t<\/div>\n\t\t\t\t<div class=\"elementor-element elementor-element-2a84b919 envato-kit-140-imagebox-nospace elementor-position-top elementor-widget elementor-widget-image-box\" data-id=\"2a84b919\" data-element_type=\"widget\" data-widget_type=\"image-box.default\">\n\t\t\t\t<div class=\"elementor-widget-container\">\n\t\t\t<div class=\"elementor-image-box-wrapper\"><figure class=\"elementor-image-box-img\"><a href=\"https:\/\/biblio.enp.edu.dz\/index.php\/depot-electronique-de-these-memoire\/\" target=\"_blank\" tabindex=\"-1\"><img decoding=\"async\" src=\"https:\/\/biblio.enp.edu.dz\/wp-content\/uploads\/2021\/06\/Depot-electronique-de-these-memoire-70x70.jpg\" title=\"D\u00e9p\u00f4t \u00e9lectronique de th\u00e8se &#038; m\u00e9moire\" alt=\"D\u00e9p\u00f4t \u00e9lectronique de th\u00e8se &amp; m\u00e9moire\" class=\"elementor-animation-bob\" loading=\"lazy\" \/><\/a><\/figure><div class=\"elementor-image-box-content\"><h6 class=\"elementor-image-box-title\"><a href=\"https:\/\/biblio.enp.edu.dz\/index.php\/depot-electronique-de-these-memoire\/\" target=\"_blank\">D\u00e9p\u00f4t \u00e9lectronique de th\u00e8se \/ m\u00e9moire<\/a><\/h6><\/div><\/div>\t\t<\/div>\n\t\t\t\t<\/div>\n\t\t\t\t<div class=\"elementor-element elementor-element-129e3aef elementor-widget elementor-widget-text-editor\" data-id=\"129e3aef\" data-element_type=\"widget\" data-widget_type=\"text-editor.default\">\n\t\t\t\t<div class=\"elementor-widget-container\">\n\t\t\t\t\t\t\t<p>\u00a0 \u00a0 \u00a0 \u00a0 \u00a0 \u00a0 \u00a0 \u00a0 \u00a0 \u00a0 \u00a0 \u00a0 \u00a0 \u00a0 \u00a0 \u00a0 \u00a0 \u00a0 \u00a0 \u00a0 \u00a0 \u00a0 \u00a0 \u00a0 \u00a0 \u00a0<\/p>\t\t\t\t\t\t<\/div>\n\t\t\t\t<\/div>\n\t\t\t\t<div class=\"elementor-element elementor-element-6d6a0e03 envato-kit-140-imagebox-nospace elementor-position-top elementor-widget elementor-widget-image-box\" data-id=\"6d6a0e03\" data-element_type=\"widget\" data-widget_type=\"image-box.default\">\n\t\t\t\t<div class=\"elementor-widget-container\">\n\t\t\t<div class=\"elementor-image-box-wrapper\"><figure class=\"elementor-image-box-img\"><a href=\"https:\/\/biblio.enp.edu.dz\/index.php\/fr\/photocopie-et-impression-2\/\" target=\"_blank\" tabindex=\"-1\"><img decoding=\"async\" src=\"https:\/\/biblio.enp.edu.dz\/wp-content\/uploads\/2020\/12\/Photocopie-et-impression-70x70.jpg\" title=\"Photocopie et impression\" alt=\"Photocopie et impression\" class=\"elementor-animation-bob\" loading=\"lazy\" \/><\/a><\/figure><div class=\"elementor-image-box-content\"><h6 class=\"elementor-image-box-title\"><a href=\"https:\/\/biblio.enp.edu.dz\/index.php\/fr\/photocopie-et-impression-2\/\" target=\"_blank\">Photocopie et impression<\/a><\/h6><\/div><\/div>\t\t<\/div>\n\t\t\t\t<\/div>\n\t\t\t\t\t<\/div>\n\t\t<\/div>\n\t\t\t\t<div class=\"elementor-column elementor-col-33 elementor-inner-column elementor-element elementor-element-1858b12\" data-id=\"1858b12\" data-element_type=\"column\">\n\t\t\t<div class=\"elementor-widget-wrap elementor-element-populated\">\n\t\t\t\t\t\t\t\t<div class=\"elementor-element elementor-element-5d46b6a4 envato-kit-140-imagebox-nospace elementor-position-top elementor-widget elementor-widget-image-box\" data-id=\"5d46b6a4\" data-element_type=\"widget\" data-widget_type=\"image-box.default\">\n\t\t\t\t<div class=\"elementor-widget-container\">\n\t\t\t<div class=\"elementor-image-box-wrapper\"><figure class=\"elementor-image-box-img\"><a href=\"https:\/\/biblio.enp.edu.dz\/index.php\/fr\/acces-wifi\/\" target=\"_blank\" tabindex=\"-1\"><img decoding=\"async\" src=\"https:\/\/biblio.enp.edu.dz\/wp-content\/uploads\/2020\/12\/WIFI-70x70.jpg\" title=\"WIFI\" alt=\"WIFI\" class=\"elementor-animation-bob\" loading=\"lazy\" \/><\/a><\/figure><div class=\"elementor-image-box-content\"><h6 class=\"elementor-image-box-title\"><a href=\"https:\/\/biblio.enp.edu.dz\/index.php\/fr\/acces-wifi\/\" target=\"_blank\">Acc\u00e8s WiFi<\/a><\/h6><\/div><\/div>\t\t<\/div>\n\t\t\t\t<\/div>\n\t\t\t\t<div class=\"elementor-element elementor-element-6f9c366b envato-kit-140-imagebox-nospace elementor-position-top elementor-widget elementor-widget-image-box\" data-id=\"6f9c366b\" data-element_type=\"widget\" data-widget_type=\"image-box.default\">\n\t\t\t\t<div class=\"elementor-widget-container\">\n\t\t\t<div class=\"elementor-image-box-wrapper\"><figure class=\"elementor-image-box-img\"><a href=\"https:\/\/biblio.enp.edu.dz\/index.php\/fr\/formation-des-utilisateurs-2\/\" target=\"_blank\" tabindex=\"-1\"><img decoding=\"async\" src=\"https:\/\/biblio.enp.edu.dz\/wp-content\/uploads\/2020\/12\/Formation-des-utilisateurs-70x70.jpg\" title=\"Formation des utilisateurs\" alt=\"Formation des utilisateurs\" class=\"elementor-animation-bob\" loading=\"lazy\" \/><\/a><\/figure><div class=\"elementor-image-box-content\"><h6 class=\"elementor-image-box-title\"><a href=\"https:\/\/biblio.enp.edu.dz\/index.php\/fr\/formation-des-utilisateurs-2\/\" target=\"_blank\">Formation des utilisateurs<\/a><\/h6><\/div><\/div>\t\t<\/div>\n\t\t\t\t<\/div>\n\t\t\t\t<div class=\"elementor-element elementor-element-67595f68 envato-kit-140-imagebox-nospace elementor-position-top elementor-widget elementor-widget-image-box\" data-id=\"67595f68\" data-element_type=\"widget\" data-widget_type=\"image-box.default\">\n\t\t\t\t<div class=\"elementor-widget-container\">\n\t\t\t<div class=\"elementor-image-box-wrapper\"><figure class=\"elementor-image-box-img\"><a href=\"https:\/\/biblio.enp.edu.dz\/index.php\/fr\/visites-guidees-2\/\" target=\"_blank\" tabindex=\"-1\"><img decoding=\"async\" src=\"https:\/\/biblio.enp.edu.dz\/wp-content\/uploads\/2020\/12\/Visites-guidees-70x70.jpg\" title=\"Visites guid\u00e9es\" alt=\"Visites guid\u00e9es\" class=\"elementor-animation-bob\" loading=\"lazy\" \/><\/a><\/figure><div class=\"elementor-image-box-content\"><h6 class=\"elementor-image-box-title\"><a href=\"https:\/\/biblio.enp.edu.dz\/index.php\/fr\/visites-guidees-2\/\" target=\"_blank\">Visites guid\u00e9es <\/a><\/h6><\/div><\/div>\t\t<\/div>\n\t\t\t\t<\/div>\n\t\t\t\t\t<\/div>\n\t\t<\/div>\n\t\t\t\t\t\t\t<\/div>\n\t\t<\/section>\n\t\t\t\t\t<\/div>\n\t\t<\/div>\n\t\t\t\t\t\t\t<\/div>\n\t\t<\/section>\n\t\t\t\t\t\t\t<\/div>\n\t\t","protected":false},"excerpt":{"rendered":"<p>SERVICES OFFERTS Inscription et r\u00e9inscription Compte lecteur Pr\u00eat de documents \u00a0 \u00a0 \u00a0 \u00a0 \u00a0 \u00a0 \u00a0 \u00a0 \u00a0 \u00a0 \u00a0 \u00a0 \u00a0\u00a0 Acc\u00e8s aux ressources \u00e9lectroniques D\u00e9p\u00f4t \u00e9lectronique de th\u00e8se \/ m\u00e9moire \u00a0 \u00a0 \u00a0 \u00a0 \u00a0 \u00a0 \u00a0&#8230;<\/p>\n","protected":false},"author":3,"featured_media":0,"parent":0,"menu_order":0,"comment_status":"closed","ping_status":"closed","template":"elementor_header_footer","meta":{"footnotes":""},"class_list":["post-7813","page","type-page","status-publish","hentry"],"_links":{"self":[{"href":"https:\/\/biblio.enp.edu.dz\/index.php\/wp-json\/wp\/v2\/pages\/7813","targetHints":{"allow":["GET"]}}],"collection":[{"href":"https:\/\/biblio.enp.edu.dz\/index.php\/wp-json\/wp\/v2\/pages"}],"about":[{"href":"https:\/\/biblio.enp.edu.dz\/index.php\/wp-json\/wp\/v2\/types\/page"}],"author":[{"embeddable":true,"href":"https:\/\/biblio.enp.edu.dz\/index.php\/wp-json\/wp\/v2\/users\/3"}],"replies":[{"embeddable":true,"href":"https:\/\/biblio.enp.edu.dz\/index.php\/wp-json\/wp\/v2\/comments?post=7813"}],"version-history":[{"count":4,"href":"https:\/\/biblio.enp.edu.dz\/index.php\/wp-json\/wp\/v2\/pages\/7813\/revisions"}],"predecessor-version":[{"id":7820,"href":"https:\/\/biblio.enp.edu.dz\/index.php\/wp-json\/wp\/v2\/pages\/7813\/revisions\/7820"}],"wp:attachment":[{"href":"https:\/\/biblio.enp.edu.dz\/index.php\/wp-json\/wp\/v2\/media?parent=7813"}],"curies":[{"name":"wp","href":"https:\/\/api.w.org\/{rel}","templated":true}]}}